1001111
What is 3985 (base 13) in base 3?
102021111
Convert -12434114 (base 5) to base 4.
-132111330
-3024a (base 11) to base 2
-1010110010111011
What is -4406072 (base 8) in base 6?
-41203454
Convert -13160246 (base 7) to base 11.
-755512
What is 102022101111 (base 3) in base 16?
365a4
Convert -32174 (base 12) to base 6.
-1225024
What is -1ae012 (base 15) in base 10?
-1312892
-12211010212120 (base 3) to base 5
-1242434204
Convert -2138589 (base 12) to base 15.
-845e8c
Convert 3340583 (base 9) to base 11.
1019012
Convert -136486 (base 11) to base 6.
-4324334
Convert -13620 (base 13) to base 9.
-54573
Convert -100010111101111011 (base 2) to base 16.
-22f7b
514433 (base 10) to base 6
15005345
-1043656 (base 8) to base 12
-1163a6
-2c3c54 (base 15) to base 11
-12311a6
Convert -2931560 (base 10) to base 15.
-3cd925
What is 1824444 (base 11) in base 15?
412107
dba1bc (base 14) to base 6
423302042
4116153 (base 7) to base 4
1320012231
Convert 1664577 (base 8) to base 3.
220200100002
Convert 1152150 (base 6) to base 2.
1110111111100010
Convert -83a668 (base 12) to base 2.
-111111001101000110000
What is -453d3c (base 14) in base 4?
-20332300202
Convert -3b8a6 (base 13) to base 10.
-111338
-1120123212 (base 4) to base 5
-43042324
Convert 159b1b (base 12) to base 16.
5a407
3003221302 (base 4) to base 2
11000011101001110010
-1c8278 (base 16) to base 13
-505589
Convert 42295 (base 11) to base 14.
18620
Convert 255205 (base 9) to base 4.
211301123
What is 4302666 (base 7) in base 15?
a4a30
-cd441 (base 14) to base 15
-9c620
What is -20874 (base 11) in base 13?
-10a62
836c50 (base 16) to base 3
121012120201221
What is -2039a1 (base 16) in base 5?
-1020040110
10001121331 (base 4) to base 9
1876241
Convert 11001001010011101 (base 2) to base 7.
606331
-524223 (base 6) to base 7
-234453
Convert 206461 (base 8) to base 13.
254a0
12111022 (base 4) to base 9
38511
Convert 26431661 (base 7) to base 2.
1001010000110010111011
What is 10011111111001111 (base 2) in base 6?
1431011
Convert 140c76a (base 13) to base 16.
60bc20
Convert -2d42d (base 16) to base 10.
-185389
What is -407765 (base 8) in base 7?
-1102021
Convert -110000110000111 (base 2) to base 9.
-37221
Convert 70385a9 (base 11) to base 16.
be111e
360618 (base 13) to base 7
13635042
1104355 (base 9) to base 12
2476ab
Convert 30707 (base 12) to base 4.
33123313
-143338 (base 13) to base 4
-1320102022
Convert 186ed1 (base 15) to base 4.
10202002003
What is -4d110 (base 15) in base 14?
-65c35
-5a122 (base 15) to base 4
-1012012130
Convert -553654 (base 7) to base 12.
-4844a
Convert -10100100100 (base 2) to base 5.
-20231
Convert 2200001122 (base 3) to base 10.
52532
What is -87880a (base 11) in base 10?
-1402521
Convert -6de76 (base 16) to base 8.
-1557166
Convert 203000300 (base 4) to base 8.
430060
What is 96981 (base 10) in base 6?
2024553
Convert 1000100101001001110100 (base 2) to base 5.
1033434312
What is d8b7b (base 15) in base 14?
13c8a8
Convert -2231500 (base 6) to base 8.
-334774
Convert -11000011001001001 (base 2) to base 12.
-499a1
Convert 451344 (base 7) to base 14.
210cb
What is -11121000021 (base 3) in base 11?
-61a15
Convert -110412145 (base 6) to base 16.
-1e6701
Convert 11203021 (base 6) to base 11.
214611
Convert 1100111110111110 (base 2) to base 12.
2693a
What is -1122213021 (base 4) in base 9?
-625103
What is -414444144 (base 5) in base 6?
-100500454
What is -10000110000111001 (base 2) in base 10?
-68665
What is bb569a (base 13) in base 2?
10000110100110010011000
What is 95161 (base 12) in base 2?
101111101110011001
Convert -34303332 (base 5) to base 12.
-1295b9
What is 3114501 (base 6) in base 13?
53410
Convert 1321102330 (base 4) to base 15.
9c31d
Convert -31033223123 (base 4) to base 16.
-34fadb
Convert -3124397 (base 10) to base 6.
-150544445
What is 34135736 (base 8) in base 14?
da4674
1753b04 (base 12) to base 8
22351564
-233211011 (base 4) to base 2
-101111100101000101
12543 (base 11) to base 15
54c0
What is 5242884 (base 9) in base 5?
1204204404
-100101221212011 (base 3) to base 16
-4c45f9
-82093 (base 10) to base 9
-134544
13174 (base 16) to base 11
53828
Convert -8701662 (base 9) to base 11.
-26a7818
What is -404212321 (base 5) in base 2?
-110001110011111010011
What is -4266217 (base 9) in base 4?
-20232202210
13430534 (base 6) to base 2
1101111000110111010
-11116 (base 11) to base 12
-93a6
1624710 (base 8) to base 16
729c8
-332312113 (base 4) to base 7
-2121346
What is -101310422 (base 6) in base 10?
-1751054
Convert -10111000001001 (base 2) to base 4.
-2320021
What is 1423413 (base 8) in base 9?
674082
-372137 (base 9) to base 7
-1623643
-222311320 (base 4) to base 9
-286637
421120403 (base 5) to base 14
33399b
What is -8171b (base 12) in base 15?
-34e82
What is -b175 (base 16) in base 6?
-550153
What is 1114030452 (base 6) in base 2?
101110101001010101100000
Convert -1105362 (base 7) to base 13.
-4a0b5
What is 154554135 (base 6) in base 3?
20020021111012
-251133 (base 8) to base 7
-510351
8d855 (base 15) to base 13
12a226
-223020440 (base 5) to base 10
-985745
What is -11463626 (base 7) in base 9?
-1830805
What is -1100021202112 (base 3) in base 5?
-140323440
What is 3632802 (base 9) in base 4?
13201003220
What is 32954a3 (base 12) in base 4?
210310111323
Convert 2102102210210 (base 3) to base 6.
43334550
Convert 328aa42 (base 11) to base 3.
101212001212101
-19746a0 (base 15) to base 3
-1021222200200120
121c3c (base 14) to base 3
1011111012210
Convert 110ef4e (base 16) to base 13.
3923773
Convert -21572844 (base 9) to base 7.
-154513231
-82773b (base 13) to base 15
-401e38
-148125 (base 12) to base 2
-1010100011010101101
Convert -1b720 (base 14) to base 9.
-116017
Convert -54c73 (base 13) to base 8.
-454163
What is 21910 (base 14) in base 6?
1424350
Convert -bd3566 (base 14) to base 7.
-105416056
Convert -3120343 (base 5) to base 10.
-51348
497a82 (base 13) to base 3
10022101102211
What is -54408 (base 9) in base 2?
-1000110011010101
73a724 (base 14) to base 11
222a86a
140440034 (base 5) to base 15
e2bb4
Convert 902a2 (base 13) to base 8.
766757
What is -3ac669 (base 14) in base 12?
-81b9b1
1046444 (base 8) to base 15
587cc
What is -23211133 (base 4) in base 14?
-13419
Convert -1111010111010110001 (base 2) to base 16.
-7aeb1
Convert 595396 (base 12) to base 5.
332034340
What is -3266451 (base 9) in base 8?
-6546563
What is 8a18 (base 14) in base 2?
101110101111110
-10101111101110101010001 (base 2) to base 3
-101211112212222
-4cb82b (base 13) to base 14
-363660
What is 21112200010222 (base 3) in base 8?
17225656
-b97104 (base 13) to base 15
-5b0d9e
What is 283284 (base 12) in base 13?
1a5741
-1100444 (base 5) to base 9
-27801
Convert 141000 (base 7) to base 9.
40626
67bcb0 (base 13) to base 16
257207
Convert -10213420 (base 6) to base 3.
-120010012210
-21021031 (base 4) to base 15
-b16d
Convert 371b2d (base 15) to base 12.
a72a21
-10111000111110000 (base 2) to base 16
-171f0
1c600 (base 16) to base 14
304da
Convert 11972b4 (base 13) to base 9.
11257735
Convert -2012541 (base 6) to base 12.
-47151
What is -3112657 (base 8) in base 13?
-22b525
25aa89 (base 14) to base 9
2386437
Convert a13d3 (base 16) to base 13.
1a17b9
Convert 11022111310 (base 4) to base 13.
384b4a
1153353 (base 7) to base 5
14211200
Convert 30977 (base 12) to base 8.
174153
Convert -1864342 (base 13) to base 4.
-132123232030
Convert 110110110000110010011 (base 2) to base 3.
10101011112011
What is 145330304 (base 6) in base 16?
2eb100
131222302132 (base 4) to base 9
15563567
Convert 4130c (base 13) to base 16.
1c8e0
10021001200102 (base 3) to base 9
3231612
Convert -502e6b (base 15) to base 10.
-3806876
47852 (base 14) to base 6
3423532
202301 (base 5) to base 12
3980
What is 4644bc (base 14) in base 3?
11111121120020
-13045454 (base 6) to base 7
-3423664
What is 1110001011010101111 (base 2) in base 8?
1613257
183b36 (base 13) to base 10
608276
Convert -11011001111111110001 (base 2) to base 12.
-370895
334a2 (base 15) to base 13
592a6
Convert 18b43a1 (base 12) to base 6.
303414321
-1100001001110110111 (base 2) to base 6
-12311451
Convert 5372863 (base 9) to base 15.
3be0cc
-203112233002 (base 4) to base 13
-1bc6727
Convert -51533522 (base 6) to base 9.
-2720735
Convert 112079 (base 10) to base 14.
2cbb9
What